-7
Let g(o) = -211*o**2 + 31019*o - 340. What is g(147)?
-46
Let t(c) = -2*c**2 - 55*c + 50. Calculate t(-12).
422
Let x(w) = -80*w**2 - 3041*w + 18. Determine x(-38).
56
Let q(c) = -67388*c - 134730. Determine q(-2).
46
Let u(t) = -2*t**2 - 4480*t + 71983. Determine u(16).
-209
Let c(h) = -39*h**2 - 286*h + 700. Calculate c(2).
-28
Let z(h) = -5160*h + 67150. Give z(13).
70
Let o(n) = 551295*n + 1102595. What is o(-2)?
5
Let b(q) = -3*q**2 + 175413*q - 175412. Determine b(1).
-2
Let w(k) = -2*k**2 + 695*k + 7149. Give w(-10).
-1
Let a(n) = 2*n**3 + 18*n**2 - 102*n - 796. Determine a(-10).
24
Let s(x) = -6*x**3 - 91*x**2 + 30*x - 32. Give s(-15).
-707
Let i(d) = -166*d + 45592. Give i(270).
772
Let n(k) = 9186*k - 780804. Calculate n(85).
6
Let g(v) = 16*v**2 + 186*v + 1050. Give g(-10).
790
Let v(q) = 7*q**2 - 1992*q - 20629. What is v(-10)?
-9
Let z(v) = 226*v - 9232. Give z(41).
34
Let d(r) = -r**2 + 8283*r - 354342. Determine d(43).
-22
Let m(p) = -9*p**2 - 1277*p + 8822. What is m(7)?
-558
Let r(a) = 421*a + 1590. Determine r(-3).
327
Let i(v) = 2*v**3 - 16*v**2 + 6*v + 120. Calculate i(3).
48
Let r(m) = -24*m**3 - 380*m**2 + 66*m + 38. Determine r(-16).
6
Let w(v) = 1244*v + 704076. What is w(-566)?
-28
Let o(l) = l**2 + 4471*l + 66733. Determine o(-15).
-107
Let v(x) = 17*x**2 - 614*x - 590. Give v(37).
-35
Let f(a) = 2*a**3 - 53*a**2 + 198*a - 762. Give f(23).
89
Let q(k) = -564*k**2 + 1131*k + 2248. What is q(-2)?
-2270
Let o(m) = -m**3 + 12*m**2 + 258*m - 394. Calculate o(20).
1566
Let x(c) = 65*c**2 - 2329*c + 161. What is x(36)?
557
Let l(q) = q**3 - 20*q**2 + 78*q - 1077. Determine l(19).
44
Let l(n) = -316547*n - 99395760. Calculate l(-314).
-2
Let q(a) = -87028*a - 14620710. Give q(-168).
-6
Let u(l) = 3*l**3 - 519*l**2 - 1583*l + 172. Give u(176).
348
Let f(m) = -33418*m**2 - 300760*m + 25. What is f(-9)?
7
Let g(d) = d**2 + 753*d - 147196. What is g(161)?
-42
Let l(x) = -3*x**3 - 21*x**2 - 150*x - 1. Determine l(-6).
791
Let a(x) = 1389*x - 61110. Calculate a(44).
6
Let f(v) = -357*v + 136032. What is f(380)?
372
Let u(q) = 107*q**2 - 784*q + 850. What is u(6)?
-2
Let g(a) = -3*a**2 - 143*a - 3823. Determine g(-42).
-3109
Let l(o) = 5*o**3 + 978*o**2 + 617*o + 6227. Give l(-195).
-13
Let k(a) = -a**2 - 79*a - 1638. Calculate k(-35).
-98
Let s(f) = 17*f**2 + 1092*f + 17545. Calculate s(-31).
30
Let j(a) = 21328*a + 7187535. Calculate j(-337).
-1
Let d(f) = -f**3 - 3783*f**2 - 49006*f + 66. Determine d(-13).
14
Let l(o) = 10476*o - 16531128. Give l(1578).
0
Let u(v) = 4742*v - 1427234. What is u(301)?
108
Let u(a) = -5*a**2 - 152*a - 656. What is u(-39)?
-2333
Let u(p) = 2*p**3 + 9*p**2 + 517*p + 3091. Give u(-6).
-119
Let f(w) = -1569*w + 510097. Give f(325).
172
Let z(j) = j**3 - 448*j**2 + 41147*j + 1282. Determine z(319).
6
Let o(m) = -m**3 - 8*m**2 - 15*m + 35. Determine o(-9).
251
Let h(s) = 2*s**3 + 247*s**2 + 566*s - 4756. Determine h(-121).
-37
Let q(v) = -5*v**3 + 299*v**2 + 58*v - 312. Calculate q(60).
-432
Let w(b) = -106*b - 4863. Calculate w(-45).
-93
Let a(w) = 997*w + 65786. Determine a(-66).
-16
Let u(b) = -27*b**2 + 393*b + 4207. Determine u(-7).
133
Let j(z) = z**3 - 15*z**2 - 596*z + 3904. What is j(6)?
4
Let m(h) = h**3 - 38*h**2 + 165*h + 3726. Calculate m(19).
2
Let w(n) = 467*n + 104753. What is w(-221)?
1546
Let b(k) = -93017*k + 651122. Calculate b(7).
3
Let o(k) = k**3 - 101*k**2 + 1829*k + 464. Give o(24).
8
Let b(k) = -1547*k + 7768. Calculate b(5).
33
Let t(r) = 3*r**3 - 35*r**2 + 62*r + 20. Calculate t(10).
140
Let p(t) = -120*t + 16813. Determine p(146).
-707
Let l(i) = -i**3 + 350*i**2 - 2158*i + 556. What is l(6)?
-8
Let a(v) = v**2 - 6347*v + 3672739. Calculate a(644).
7
Let z(l) = 554643*l - 5546438. Determine z(10).
-8
Let a(j) = 148*j - 8539. Give a(61).
489
Let t(h) = 699*h - 1837. Give t(2).
-439
Let a(r) = r**3 + 23*r**2 - 67*r - 1991. Calculate a(-20).
549
Let u(p) = -10*p**3 - 28*p**2 - 153*p + 181. Determine u(1).
-10
Let f(r) = 1773*r + 19304. What is f(-11)?
-199
Let a(y) = -1089*y + 2015. Give a(2).
-163
Let z(v) = 4*v**2 - 166*v - 2975. Determine z(-14).
133
Let y(a) = -9*a**2 - 17874*a - 125142. What is y(-7)?
-465
Let d(l) = -l**2 + 1878*l + 146486. What is d(-75)?
11
Let m(l) = -3*l**2 - 77*l + 220. Give m(-27).
112
Let c(j) = j**3 + 433*j**2 - 9050*j - 216. Give c(20).
-16
Let x(z) = -67*z**2 + 2577*z + 25571. What is x(-10)?
-6899
Let p(s) = 38*s**2 + 1796*s + 1796. Calculate p(-1).
38
Let w(q) = 35707*q + 142778. What is w(-4)?
-50
Let d(i) = -i**2 - 81*i + 173588. Determine d(378).
86
Let o(q) = 5697*q - 34106. Calculate o(6).
76
Let y(b) = b**2 + 27*b + 52. Calculate y(-5).
-58
Let f(q) = -2*q**2 - 1492*q - 70966. Give f(-49).
-2660
Let u(f) = -59*f**3 - 12*f**2 - 29*f + 42. Give u(1).
-58
Let d(j) = 6050*j - 78701. Give d(13).
-51
Let i(o) = 3*o**3 + 71*o**2 - 38*o - 134. What is i(-24)?
202
Let h(t) = 8366*t - 41821. Give h(5).
9
Let y(p) = -p**3 - 7*p**2 - 64300*p - 707786. Determine y(-11).
-2
Let u(p) = -28*p**2 + 778*p + 353. What is u(28)?
185
Let i(g) = -12*g**2 - 1131*g + 1038. What is i(-95)?
183
Let n(z) = -14*z**2 + 156*z - 1084. Give n(7).
-678
Let p(u) = 14*u**2 + 2349*u - 4739. Give p(2).
15
Let q(w) = -27519*w + 3109643. Give q(113).
-4
Let w(l) = -113*l**3 - 1457*l**2 + 171*l + 6. Calculate w(-13).
-189
Let o(f) = -4106*f + 500925. Calculate o(122).
-7
Let u(w) = w**2 - 60*w - 8416. Calculate u(-66).
-100
Let l(d) = -2237*d**2 - 20121*d + 100. Give l(-9).
-8
Let m(c) = c**3 + 28*c**2 + 106*c + 2621. Calculate m(-26).
1217
Let i(t) = 21*t**3 + 5*t**2 - 58*t - 64. Calculate i(-1).
-22
Let h(v) = -47*v**3 + 165*v**2 + 22*v - 16. Calculate h(3).
266
Let l(v) = 2*v**3 + 105*v**2 + 221*v - 327. Determine l(-50).
1123
Let a(q) = q**2 - 312*q + 23877. Calculate a(157).
-458
Let b(o) = -161*o**3 - 7*o**2 - 133*o + 142. Determine b(1).
-159
Let v(a) = 1472*a**2 - 7351*a - 53. Give v(5).
-8
Let d(m) = 7*m**2 - 319*m + 512. Determine d(42).
-538
Let l(i) = 25*i**2 + 19301*i - 97128. What is l(5)?
2
Let m(h) = 122*h**2 - 105*h - 197. Calculate m(-2).
501
Let o(w) = w**2 - 14204*w - 170552. Determine o(-12).
40
Let x(f) = 194*f**3 - 1745*f**2 - 6*f - 47. Calculate x(9).
-20
Let k(m) = -13*m**3 - 6*m**2 - 21*m - 66. Give k(-5).
1514
Let h(u) = -u**2 - 49*u - 84. Give h(-36).
384
Let k(c) = -16829*c + 1480714. Calculate k(88).
-238
Let w(p) = 487*p + 9669. Determine w(-21).
-558
Let t(n) = 941*n - 124224. Calculate t(132).
-12
Let g(v) = -48*v**2 + 84*v + 338. What is g(-4)?
-766
Let x(w) = -94*w**2 + 520*w - 238. Give x(5).
12
Let o(z) = 37866*z - 265089. Calculate o(7).
-27
Let c(d) = 11125*d + 3203995. Determine c(-288).
-5
Let c(b) = 44397*b + 2574701. What is c(-58)?
-325
Let r(p) = 39026*p - 1248848. What is r(32)?
-16
Let k(r) = 4*r**2 - 109015*r + 3375628. What is k(31)?
7
Let a(o) = -6136*o + 108856. Determine a(18).
-1592
Let h(j) = 32*j**3 - 3*j**2 + 1595*j + 1597. What is h(-1)?
-33
Let c(u) = 8*u**3 + 1081*u**2 + 92*u - 5800. Determine c(-135).
5
Let t(d) = -2*d**2 + 26*d + 12912. Calculate t(-72).
672
Let i(b) = -b**3 + 21*b**2 - 91*b + 50. Give i(7).
99
Let o(r) = -109*r**3 + 2*r**2 - 4*r. Calculate o(1).
-111
Let q(l) = l**3 - 48*l**2 + 51*l - 205. Determine q(47).
-17
Let t(v) = -4*v**2 + 244*v + 196. What is t(68)?
-1708
Let g(a) = -68*a**3 + 4*a**2 - 113*a + 312. Determine g(3).
-1827
Let o(q) = q**3 - 7*q**2 - 15*q - 18. Give o(-8).
-858
Let g(m) = m**3 + 33*m**2 + 1318*m + 31210. Give g(-27).
-2
Let y(f) = 6*f**2 - 217*f + 2402. Calculate y(17).
447
Let m(x) = -2*x**3 - 19*x**2 - 82*x - 910. Calculate m(-10).
10
Let b(m) = 249*m**3 - 7*m**2 - 63*m - 55. Determine b(-1).
-248
Let c(y) = -358*y**3 - 7*y**2 + 36*y + 61. Give c(-2).
2825
Let w(y) = 45*y - 30039. Give w(669).
66
Let o(d) = d**2 + 2486*d + 1064800. Calculate o(-550).
0
Let g(l) = 13*l + 1840. Determine g(22).
2126
Let m(y) = 3*y**2 + 288*y - 2182. Give m(8).
314
Let w(m) = 5*m**2 - 2098*m + 83585. Give w(375).
-40
Let u(v) = 4308*v + 42512. Give u(-10).
-568
Let h(s) = -11*s**2 + 102*s + 382. Give h(12).
22
Let q(h) = -4200*h**2 + 25203*h - 18. Calculate q(6).
0
Let q(i) = -185*i**2 - 369*i + 112. Determine q(-3).
-446
Let r(b) = 4*b + 579. Calculate r(-104).
163
Let h(a) = -562*a + 563